= -4*g + 4*t, x*t = -4*g - 4. Calculate the greatest common factor of 14 and g.
2
Let z(h) = h**3 - 4*h**2 - 2*h + 6. Let s be z(4). Let p be s/(5/(-4)*(-3)/(-15)). Calculate the highest common factor of 24 and p.
8
Let c(q) = -q + 2. Let u be c(-4). Let b be (-1)/2 + 219/u. Let t(g) = -19*g - 20. Let h be t(-2). What is the greatest common divisor of h and b?
18
Let d be (-2650)/(-54) - 34/459. Calculate the greatest common divisor of d and 343.
49
Let m(n) = 2*n**3 - 4*n**2 - 9*n + 15. Let k be m(5). Calculate the highest common divisor of 15 and k.
15
Suppose 2*t + 820 = 6*t + 2*p, -t - 3*p + 205 = 0. What is the greatest common factor of 123 and t?
41
Let s = 100 + -112. Let b = s - -28. What is the highest common factor of 8 and b?
8
Suppose 4*v = -153 + 613. Suppose 229 + 156 = -5*d. Let r = d + v. Calculate the greatest common divisor of r and 95.
19
Let n(q) = -5*q + 96. Let w(h) = -2*h + 32. Let x(k) = 2*n(k) - 7*w(k). Let v be x(10). Calculate the greatest common divisor of v and 32.
8
Let l be 145/11 + (-28)/154. Let z be 58 - (-2 + 2 + 1). Suppose -3*r + 4*c - 7 = -42, -4*r - 5*c + z = 0. Calculate the greatest common factor of l and r.
13
Let m be (72/(-42))/(2/(-7)). Let v be (-14 - 1)*2/(-5). Calculate the greatest common factor of v and m.
6
Suppose 0 = 7*r + 26 + 16. Let j be (-14)/(-3)*-1*9/r. What is the greatest common divisor of 21 and j?
7
Let t = 489 + -288. Let n be (4/2 - t/(-4))*4. What is the greatest common factor of n and 19?
19
Let m be (-2262)/91 - 2/14. Let z = 32 + m. Calculate the greatest common divisor of z and 28.
7
Let b = 359 + -356. What is the greatest common divisor of 9 and b?
3
Suppose 38*b = 7*b + 65472. What is the highest common factor of 66 and b?
66
Let h(o) = o - 1. Let f be h(5). Suppose -4*v - 32 = -5*g - 3*v, -v = f*g - 31. Calculate the highest common factor of 35 and g.
7
Suppose 0 = 5*k, 2*v - 7*k = -2*k + 72. What is the greatest common divisor of 48 and v?
12
Suppose -3*l = -4*d - 64, 0 = -5*l - 0*l + 3*d + 114. What is the greatest common divisor of 900 and l?
12
Let h be -3*(-10 + -75 - -7). Calculate the highest common factor of h and 390.
78
Let f(j) = 7*j**2 + 205*j - 3 - 1 + j**3 - 200*j. Let u = -9 + 5. Let v be f(u). What is the highest common factor of 24 and v?
24
Suppose 119 = -6*n + 569. Calculate the highest common divisor of 60 and n.
15
Let a(x) = 5*x**2 - 26*x + 14. Let v(b) = -3*b**2 + 17*b - 9. Let y(o) = 5*a(o) + 8*v(o). Let u be y(4). What is the greatest common divisor of u and 95?
19
Let z = 620 + -424. Calculate the highest common factor of 147 and z.
49
Let q = 157 + -149. Suppose 0 = 4*l - q*l + 12. Suppose 55 = 5*k - 20. Calculate the greatest common divisor of k and l.
3
Suppose f + 80 = 3*t, -2*t - 2*f - 20 = -3*t. Let z = -16 - -72. Calculate the highest common divisor of z and t.
28
Let m be (-5 - (-1550)/(-10))/(1/(-1)). What is the greatest common factor of m and 60?
20
Let g(s) = 13*s**2 + 9*s - 19. Let m be g(5). What is the greatest common divisor of 39 and m?
39
Suppose m = -u + 150, -2*m = 5*u - 147 - 141. What is the highest common divisor of m and 182?
14
Let p be 13 - ((0 - 5) + 11). What is the greatest common divisor of p and 56?
7
Let t be (23/(-3))/((-13)/468). Calculate the highest common factor of 12 and t.
12
Let a = -20 - -23. Suppose 3*n - 946 = j, -4*n - 4*j = -a*j - 1259. Calculate the greatest common factor of n and 35.
35
Suppose -a - 15 = -10, 21 = d + 3*a. Suppose 18 = 2*r - 4*r. Let v be (-1)/(-3) + (-78)/r. Calculate the greatest common factor of v and d.
9
Let u = -162 - -134. Let v = 89 + u. What is the greatest common factor of 488 and v?
61
Let o = -588 + 741. Calculate the greatest common factor of 255 and o.
51
Let s be (-4)/18 - 183/27. Let y be s*(1 + 0 + -2). Let u(f) = f**2 + 14*f + 52. Let j be u(-5). Calculate the greatest common factor of j and y.
7
Suppose -t + 28 = 4*f - 1, 48 = 3*t - f. Let g be 409/3 - (-5)/(-15). What is the greatest common factor of g and t?
17
Let k = -2 - -40. Let l = k - -2. Calculate the greatest common divisor of l and 5.
5
Let t = -94 + 316. Calculate the greatest common factor of 18 and t.
6
Let r(a) = 17*a. Let z be r(2). Let w(t) = t**2 + 3*t - 8. Let l be w(-6). Suppose 153 = l*q - 7*q. What is the highest common divisor of z and q?
17
Let k = 1193 - 819. Suppose 0 = -3*z + 81 + 21. Calculate the highest common divisor of z and k.
34
Suppose -335 + 2909 = 9*j. Calculate the highest common divisor of j and 26.
26
Suppose -2*m - 1850 = -3*w, -m + 0*m - 2475 = -4*w. What is the greatest common factor of w and 62?
62
Suppose -2*k - 3*d + 1909 = 62, -d + 4637 = 5*k. Calculate the greatest common divisor of 58 and k.
58
Let z(u) = 10*u + 0 - 2*u**2 - 2 - 2*u + u**2 + u**3. Let q be z(3). Calculate the greatest common factor of 10 and q.
10
Let b be (-4)/((-260)/(-131) + -2). Let u = 981 + -607. Let f = u - b. Calculate the greatest common divisor of f and 14.
14
Suppose -2*v = 4*q - 72, 3*q - 6*q = 4*v - 154. Calculate the greatest common divisor of v and 56.
8
Suppose j - 6*j + 160 = 0. Suppose 0 = g - 7 + 2. Suppose 9 = 2*c + g, 0 = 2*p - 3*c - 90. Calculate the greatest common factor of p and j.
16
Let f(s) = -25*s - 1. Let b be f(-1). Suppose -w + 2*k + 1 = 0, -7*w + k = -3*w + b. Let a = 24 + w. What is the highest common divisor of 187 and a?
17
Let k(p) = 10*p**2 + 6*p - 7. Let m be k(2). What is the greatest common factor of m and 90?
45
Let y = 24 + -4. Let n be ((-1)/2)/((-5)/y). Suppose 0 = 5*w + 3*p - 75, -n*w + 105 = 3*w - 3*p. Calculate the greatest common divisor of w and 27.
9
Let a be (-7 - -10)*(-7)/(-1). Let p be 1/3 - (-56)/a. Let f = -16 - -28. What is the greatest common divisor of p and f?
3
Let d be (0 - -1)*-1 + 12. Let y = -298 + 616. Let x = y - 197. What is the highest common divisor of x and d?
11
Let r(g) = -2*g**2 + g + 110. Let c be r(0). Let t be (5/(-4) - 0)*-8. Calculate the greatest common divisor of t and c.
10
Let x(u) = u + 2. Let i be x(-5). Let l be 24/5*(-10)/i. Let j(t) = t**2 + 8*t - 8. Let r be j(-12). What is the greatest common factor of l and r?
8
Let k(s) = -s**3 - 7*s**2 + 32*s + 36. Let l be k(-11). What is the greatest common divisor of 224 and l?
56
Let c(d) = -12*d + 128. Let t be c(7). What is the highest common divisor of 220 and t?
44
Let g(z) = 12*z**2 + 15*z - 27. Let r be g(3). What is the highest common factor of 210 and r?
42
Let h be (3/6)/((-4)/(-104)). Let v = h - 12. What is the highest common divisor of 1 and v?
1
Suppose -5*w = y - 214, 422 = y + y + 4*w. What is the highest common factor of y and 22?
11
Let h be 10/2 + 2 - 1. Let m be 357/33 - (-8)/44. Let y be (-2)/m - 596/(-11). What is the greatest common divisor of y and h?
6
Suppose 0 = 4*z - 14 - 14. Suppose -z*h + 6*h = -4. Let s be h/8 + 9/6. What is the greatest common divisor of s and 1?
1
Let r(t) = -4*t**3 - 9*t**2 + 10*t - 1. Let w(c) = c**3 + c**2 - c - 1. Let s(g) = r(g) + 5*w(g). Let m be s(4). What is the highest common divisor of 28 and m?
14
Let x be (-12)/10*(176/(-6) + 6). Suppose -4*l - 2*l = -168. What is the greatest common divisor of l and x?
28
Let w = -1101 - -1123. What is the greatest common factor of 286 and w?
22
Let s be -1 - -3 - 2 - (14 + -16). Let b = -2 + 0. Let k = s - b. Calculate the highest common divisor of k and 28.
4
Let s be (-149 + -3)*(-2)/8. Calculate the highest common divisor of s and 57.
19
Suppose -877*y + 784 = -870*y. Calculate the highest common divisor of 154 and y.
14
Let d(h) = 28*h**3 - 3*h**2 + 17*h - 15. Let p be d(1). Calculate the highest common factor of p and 2997.
27
Let o be -3*1*(-112)/6. Suppose 0 = -4*m + 16, o = 4*i - 4*m + 6*m. Let q be 35*(-98)/(-35) - 2. What is the greatest common divisor of q and i?
12
Suppose 4*x - 2*o - 2 - 14 = 0, 5*x = -5*o + 5. Suppose -29*a + 110 = -151. Calculate the highest common factor of x and a.
3
Let n(f) = -10 + 14 + f - 7. Let r be n(11). Suppose -4 = 2*c - 0, -3*k + 66 = -3*c. Calculate the greatest common divisor of r and k.
4
Suppose r + 3*p - 24 = 0, r - 18 = -5*p + 16. Let n = -11 - r. Let h = n + 24. Calculate the highest common divisor of 8 and h.
4
Let k be (-243)/(6*3/(-24)). Suppose -2*s + k = s. Suppose -43 = p - 55. Calculate the greatest common diviso